{"id":23,"date":"2022-02-08T16:25:35","date_gmt":"2022-02-08T16:25:35","guid":{"rendered":"http:\/\/metanoiaeditora.com\/concurso\/home\/"},"modified":"2024-06-01T23:05:50","modified_gmt":"2024-06-01T23:05:50","slug":"resultado","status":"publish","type":"page","link":"https:\/\/metanoiaeditora.com\/concurso\/resultado\/","title":{"rendered":"Resultado"},"content":{"rendered":"\r\n\r\n\r\n\r\n\r\n\r\n\r\n\r\n\r\n\r\n\r\n\r\n\r\n\r\n\r\n<h2 style=\"text-align: center;\"><a href=\"http:\/\/metanoiaeditora.com\/concurso\/wp-content\/uploads\/2024\/02\/LOGO.png\"><img loading=\"lazy\" decoding=\"async\" class=\"alignnone  wp-image-15543\" src=\"http:\/\/metanoiaeditora.com\/concurso\/wp-content\/uploads\/2024\/02\/LOGO.png\" alt=\"\" width=\"628\" height=\"197\" \/><\/a><\/h2>\r\n<h2>\u00a0<\/h2>\r\n<h2 style=\"text-align: center;\">Resultado<\/h2>\r\n<h2 style=\"text-align: center;\"><a style=\"font-size: 16px;\" href=\"http:\/\/metanoiaeditora.com\/concurso\/wp-content\/uploads\/2022\/05\/PremioFigueiredoFerraz-medalha-interna-1200x800_c.jpg\"><img loading=\"lazy\" decoding=\"async\" class=\"alignnone  wp-image-15135\" src=\"http:\/\/metanoiaeditora.com\/concurso\/wp-content\/uploads\/2022\/05\/PremioFigueiredoFerraz-medalha-interna-1200x800_c.jpg\" alt=\"\" width=\"254\" height=\"147\" \/><\/a><\/h2>\r\n<h3 style=\"text-align: center;\">Contos<\/h3>\r\n<table class=\" aligncenter\" width=\"813\">\r\n<tbody>\r\n<tr>\r\n<td width=\"105\">Classifica\u00e7\u00e3o<\/td>\r\n<td width=\"306\">Nome<\/td>\r\n<td width=\"402\">T\u00edtulo da Obra<\/td>\r\n<\/tr>\r\n<tr>\r\n<td>1<\/td>\r\n<td>Kamila Carino Machado<\/td>\r\n<td>Ciclos<\/td>\r\n<\/tr>\r\n<tr>\r\n<td>2<\/td>\r\n<td>Barbara Cristina Pimentel Torres<\/td>\r\n<td>Voc\u00ea destruiu meu sonho<\/td>\r\n<\/tr>\r\n<tr>\r\n<td>3<\/td>\r\n<td>Ana Luiza dos Santos Oliveira Paulo<\/td>\r\n<td>O Espelho<\/td>\r\n<\/tr>\r\n<tr>\r\n<td>4<\/td>\r\n<td>Elaine Ferreira Natal<\/td>\r\n<td>Andorinha<\/td>\r\n<\/tr>\r\n<tr>\r\n<td>5<\/td>\r\n<td>Steffany Dias da Silva<\/td>\r\n<td>Em algum lugar com certeza todo mundo vaise encontrar nessa vida talvez<\/td>\r\n<\/tr>\r\n<tr>\r\n<td>6<\/td>\r\n<td>Maria Aparecida da Silva Carvalho Spillane<\/td>\r\n<td>Marcelo corta feira<\/td>\r\n<\/tr>\r\n<tr>\r\n<td>7<\/td>\r\n<td>Aline Regina Cardozo de Brito<\/td>\r\n<td>Rasgo Fundo<\/td>\r\n<\/tr>\r\n<tr>\r\n<td>8<\/td>\r\n<td>Raquel dos Santos de Oliveira<\/td>\r\n<td>Sobre o Sol<\/td>\r\n<\/tr>\r\n<tr>\r\n<td>9<\/td>\r\n<td>Claudia Rodrigues do Carmo Arcenio<\/td>\r\n<td>Negras travessias<\/td>\r\n<\/tr>\r\n<tr>\r\n<td>10<\/td>\r\n<td>Aline Pereira Lourenco<\/td>\r\n<td>Mariazinha da F\u00e9<\/td>\r\n<\/tr>\r\n<tr>\r\n<td>\u00a0<\/td>\r\n<td>\u00a0<\/td>\r\n<td>\u00a0<\/td>\r\n<\/tr>\r\n<\/tbody>\r\n<\/table>\r\n<h2 style=\"text-align: center;\"><a href=\"http:\/\/metanoiaeditora.com\/concurso\/wp-content\/uploads\/2022\/05\/PremioFigueiredoFerraz-medalha-interna-1200x800_c.jpg\"><img loading=\"lazy\" decoding=\"async\" class=\"alignnone  wp-image-15135\" src=\"http:\/\/metanoiaeditora.com\/concurso\/wp-content\/uploads\/2022\/05\/PremioFigueiredoFerraz-medalha-interna-1200x800_c.jpg\" alt=\"\" width=\"254\" height=\"147\" \/><\/a><\/h2>\r\n<h3 style=\"text-align: center;\">Poesias<\/h3>\r\n<table class=\" aligncenter\" width=\"806\">\r\n<tbody>\r\n<tr>\r\n<td width=\"61\">\u00a0<\/td>\r\n<td width=\"340\">Nome<\/td>\r\n<td width=\"405\">Poesia<\/td>\r\n<\/tr>\r\n<tr>\r\n<td>1<\/td>\r\n<td>Cecilia Alves Araujo<\/td>\r\n<td>Partir Parir Par<\/td>\r\n<\/tr>\r\n<tr>\r\n<td>2<\/td>\r\n<td>\u00a0Elis Galv\u00e3o<\/td>\r\n<td>Tyrrhenian<\/td>\r\n<\/tr>\r\n<tr>\r\n<td>3<\/td>\r\n<td>Valeska Torres<\/td>\r\n<td>Navalha<\/td>\r\n<\/tr>\r\n<tr>\r\n<td>4<\/td>\r\n<td>\u00a0Elis Galv\u00e3o<\/td>\r\n<td>Chemicha<\/td>\r\n<\/tr>\r\n<tr>\r\n<td>5<\/td>\r\n<td>Nicea Carvalho dos Santos Barreto<\/td>\r\n<td>Quando te tiraram de mim em Quelimane<\/td>\r\n<\/tr>\r\n<tr>\r\n<td>6<\/td>\r\n<td>\u00a0Patricia Batista Pereira Dias<\/td>\r\n<td>A Gota D&#8217;\u00e1gua<\/td>\r\n<\/tr>\r\n<tr>\r\n<td>7<\/td>\r\n<td>Monike Marques D&#8217;Alencar Araripe Costa<\/td>\r\n<td>Torto<\/td>\r\n<\/tr>\r\n<tr>\r\n<td>8<\/td>\r\n<td>Christine Jones<\/td>\r\n<td>Contos Do tempo<\/td>\r\n<\/tr>\r\n<tr>\r\n<td>9<\/td>\r\n<td>Monike Marques D&#8217;Alencar Araripe Costa<\/td>\r\n<td>Demorar<\/td>\r\n<\/tr>\r\n<tr>\r\n<td>10<\/td>\r\n<td>\u00a0Ana Beatriz Gomes Reis<\/td>\r\n<td>Nas entranhas do edif\u00edcio<\/td>\r\n<\/tr>\r\n<tr>\r\n<td>11<\/td>\r\n<td>Ana Carolina Barbosa Cesario<\/td>\r\n<td>Emana\u00e7\u00e3o<\/td>\r\n<\/tr>\r\n<tr>\r\n<td>12<\/td>\r\n<td>\u00a0Denise Queiroz Costa da Luz<\/td>\r\n<td>sopros de instante<\/td>\r\n<\/tr>\r\n<tr>\r\n<td>13<\/td>\r\n<td>Raphaella Cristina de Souza<\/td>\r\n<td>Forra<\/td>\r\n<\/tr>\r\n<tr>\r\n<td>14<\/td>\r\n<td>M\u00e1rcia Cristiane dos Santos Lima<\/td>\r\n<td>Aqui n\u00e3o h\u00e1 lugar para sanidade<\/td>\r\n<\/tr>\r\n<tr>\r\n<td>15<\/td>\r\n<td>Natalia Amoreira<\/td>\r\n<td>Anguera<\/td>\r\n<\/tr>\r\n<tr>\r\n<td>16<\/td>\r\n<td>Valeska Torres<\/td>\r\n<td>Capoeiragem<\/td>\r\n<\/tr>\r\n<tr>\r\n<td>17<\/td>\r\n<td>Beatriz Virg\u00ednia Gomes Belmiro<\/td>\r\n<td>A pipa e a vida<\/td>\r\n<\/tr>\r\n<tr>\r\n<td>18<\/td>\r\n<td>Kelly Martins<\/td>\r\n<td>Sankofa<\/td>\r\n<\/tr>\r\n<tr>\r\n<td>19<\/td>\r\n<td>Cl\u00e1udia Regina Martins Magalh\u00e3es do Nascimento<\/td>\r\n<td>As \u00e1guas<\/td>\r\n<\/tr>\r\n<tr>\r\n<td>20<\/td>\r\n<td>\u00a0Denise Queiroz Costa da Luz<\/td>\r\n<td>Escrevivendo<\/td>\r\n<\/tr>\r\n<tr>\r\n<td>21<\/td>\r\n<td>Viviane Tomaz Goncalves<\/td>\r\n<td>M\u00e3os, pele e melanina<\/td>\r\n<\/tr>\r\n<tr>\r\n<td>22<\/td>\r\n<td>Ra\u00edza Hanna Saraiva Milfont<\/td>\r\n<td>Mapa geogr\u00e1fico \u00edntimo<\/td>\r\n<\/tr>\r\n<tr>\r\n<td>23<\/td>\r\n<td>Vit\u00f3ria Coutinho do Nascimento<\/td>\r\n<td>Calor<\/td>\r\n<\/tr>\r\n<tr>\r\n<td>24<\/td>\r\n<td>Cristiane Gomes de Castro<\/td>\r\n<td>Personagens na vida<\/td>\r\n<\/tr>\r\n<tr>\r\n<td>25<\/td>\r\n<td>Juliana Pereira dos Santos<\/td>\r\n<td>Comida de V\u00f3 \u00e9 oferenda de orix\u00e1<\/td>\r\n<\/tr>\r\n<tr>\r\n<td>26<\/td>\r\n<td>Gisela Alves Paulo Faria<\/td>\r\n<td>Preto Recife<\/td>\r\n<\/tr>\r\n<tr>\r\n<td>27<\/td>\r\n<td>Francelina Rosa Marinho dos Santos<\/td>\r\n<td>Eu Luzia<\/td>\r\n<\/tr>\r\n<tr>\r\n<td>28<\/td>\r\n<td>M\u00f4nica da Silva Gomes<\/td>\r\n<td>Despejos<\/td>\r\n<\/tr>\r\n<tr>\r\n<td>29<\/td>\r\n<td>Natalia Amoreira<\/td>\r\n<td>Terra roxa<\/td>\r\n<\/tr>\r\n<tr>\r\n<td>30<\/td>\r\n<td>Jennifer Louise da Silveira Borges<\/td>\r\n<td>Todo amor sapat\u00e3o<\/td>\r\n<\/tr>\r\n<tr>\r\n<td>31<\/td>\r\n<td>\u00a0Jillian Katiucia dos Santos Antunes Coutinho<\/td>\r\n<td>Para Boa Preta Entendedora<\/td>\r\n<\/tr>\r\n<tr>\r\n<td>32<\/td>\r\n<td>Renata Ribeiro de Lima<\/td>\r\n<td>&#8220;Ais e Cais&#8221;<\/td>\r\n<\/tr>\r\n<tr>\r\n<td>33<\/td>\r\n<td>Maria Aparecida da Silva Carvalho Spillane<\/td>\r\n<td>Um dia, todos os dias<\/td>\r\n<\/tr>\r\n<tr>\r\n<td>34<\/td>\r\n<td>Paula Cavalcanti Vaz<\/td>\r\n<td>Quem sou?<\/td>\r\n<\/tr>\r\n<tr>\r\n<td>35<\/td>\r\n<td>Raquel Ferreira dos Santos<\/td>\r\n<td>Conversa ao p\u00e9 do ouvido<\/td>\r\n<\/tr>\r\n<tr>\r\n<td>36<\/td>\r\n<td>Renata Westminster Shaw<\/td>\r\n<td>Mas Para Poesia Tinha Tempo<\/td>\r\n<\/tr>\r\n<tr>\r\n<td>37<\/td>\r\n<td>D\u00e9bora Machado Restum<\/td>\r\n<td>Profiss\u00e3o professora<\/td>\r\n<\/tr>\r\n<tr>\r\n<td>38<\/td>\r\n<td>Shirlene do Socorro Coelho Santos<\/td>\r\n<td>Matilde, m\u00e3e do Drag\u00e3o<\/td>\r\n<\/tr>\r\n<tr>\r\n<td>39<\/td>\r\n<td>M\u00f4nica da Silva Gomes<\/td>\r\n<td>O canto da Av\u00f3<\/td>\r\n<\/tr>\r\n<tr>\r\n<td>40<\/td>\r\n<td>Margareth dos Anjos Santos<\/td>\r\n<td>Ama de Leite Ontem, Ama de Colo Hoje, Ama do Mundo Sempre<\/td>\r\n<\/tr>\r\n<tr>\r\n<td>41<\/td>\r\n<td>Jana\u00edna Ferreira do Nascimento<\/td>\r\n<td>Matei o amor!<\/td>\r\n<\/tr>\r\n<tr>\r\n<td>42<\/td>\r\n<td>Raquel dos Santos de Oliveira<\/td>\r\n<td>Correria<\/td>\r\n<\/tr>\r\n<tr>\r\n<td>43<\/td>\r\n<td>Juliana Pereira dos Santos<\/td>\r\n<td>Guias afetivos<\/td>\r\n<\/tr>\r\n<tr>\r\n<td>44<\/td>\r\n<td>Ra\u00edza Hanna Saraiva Milfont<\/td>\r\n<td>Assunto Mulher<\/td>\r\n<\/tr>\r\n<tr>\r\n<td>45<\/td>\r\n<td>Ana Beatriz Sant&#8217;Angelo do Amaral<\/td>\r\n<td>Nascido pra isso<\/td>\r\n<\/tr>\r\n<tr>\r\n<td>46<\/td>\r\n<td>Maria Luiza da Silva Hastenreiter<\/td>\r\n<td>Antes que amanhe\u00e7a<\/td>\r\n<\/tr>\r\n<tr>\r\n<td>47<\/td>\r\n<td>Anelise Martins de Barros<\/td>\r\n<td>O nosso at\u00e9 logo<\/td>\r\n<\/tr>\r\n<tr>\r\n<td>48<\/td>\r\n<td>Sabrina Guedes de Oliveira<\/td>\r\n<td>Identidade constitu\u00edda<\/td>\r\n<\/tr>\r\n<tr>\r\n<td>49<\/td>\r\n<td>Nath\u00e1lia Basil<\/td>\r\n<td>Ode \u00e0 \u00e1gua<\/td>\r\n<\/tr>\r\n<tr>\r\n<td>50<\/td>\r\n<td>Beatriz Virg\u00ednia Gomes Belmiro<\/td>\r\n<td>Beatriz Virg\u00ednia<\/td>\r\n<\/tr>\r\n<tr>\r\n<td>51<\/td>\r\n<td>Cassia Cristina Abreu de Oliveira<\/td>\r\n<td>Gurizada de p\u00e9s descal\u00e7os<\/td>\r\n<\/tr>\r\n<tr>\r\n<td>52<\/td>\r\n<td>\u00a0J\u00e9ssica Vieira Martins<\/td>\r\n<td>Ori, equil\u00edbio, caminho!<\/td>\r\n<\/tr>\r\n<tr>\r\n<td>53<\/td>\r\n<td>Luane Bento dos Santos<\/td>\r\n<td>A mo\u00e7a pombagira<\/td>\r\n<\/tr>\r\n<tr>\r\n<td>54<\/td>\r\n<td>\u00a0Ana Beatriz Gomes Reis<\/td>\r\n<td>Raiva nas veias<\/td>\r\n<\/tr>\r\n<tr>\r\n<td>55<\/td>\r\n<td>\u00a0Viviane Penha Prado dos Santos<\/td>\r\n<td>Colo de m\u00e3e<\/td>\r\n<\/tr>\r\n<tr>\r\n<td>56<\/td>\r\n<td>Clara Elaine Sousa da Silva<\/td>\r\n<td>E agora mulher?<\/td>\r\n<\/tr>\r\n<tr>\r\n<td>57<\/td>\r\n<td>Gisela Alves Paulo Faria<\/td>\r\n<td>Mariana Crioula (Sec. XIX)<\/td>\r\n<\/tr>\r\n<tr>\r\n<td>58<\/td>\r\n<td>Tha\u00eds Vinhas da Silva<\/td>\r\n<td>M\u00e3e Preta Sagrado Feminino<\/td>\r\n<\/tr>\r\n<tr>\r\n<td>59<\/td>\r\n<td>D\u00e9bora Regina Silva de Abreu<\/td>\r\n<td>Do fim<\/td>\r\n<\/tr>\r\n<tr>\r\n<td>60<\/td>\r\n<td>\u00a0Gizele Vidal Bilheo de Mattos<\/td>\r\n<td>Tudo dan\u00e7a<\/td>\r\n<\/tr>\r\n<tr>\r\n<td>61<\/td>\r\n<td>\u00a0Lorena Pimenta Fernandes<\/td>\r\n<td>olhos d\u2019\u00e1gua<\/td>\r\n<\/tr>\r\n<tr>\r\n<td>62<\/td>\r\n<td>Luiza Santos Morais Cantanhede<\/td>\r\n<td>Como voc\u00ea nunca viu<\/td>\r\n<\/tr>\r\n<tr>\r\n<td>63<\/td>\r\n<td>\u00a0Isabelle Nascimento Ferreira<\/td>\r\n<td>Frut\u00edfero amor<\/td>\r\n<\/tr>\r\n<tr>\r\n<td>64<\/td>\r\n<td>Mayara\u00a0 Pe\u00e7anha Santos<\/td>\r\n<td>O que \u00e9 o amor?<\/td>\r\n<\/tr>\r\n<tr>\r\n<td>65<\/td>\r\n<td>Valeria Lima de Almeida<\/td>\r\n<td>Para Carolina<\/td>\r\n<\/tr>\r\n<tr>\r\n<td>66<\/td>\r\n<td>Caroline Flor da Silva<\/td>\r\n<td>Estado de poesia e os contratos de alugu\u00e9is<\/td>\r\n<\/tr>\r\n<tr>\r\n<td>67<\/td>\r\n<td>D\u00e9bora Regina Silva de Abreu<\/td>\r\n<td>O in\u00edcio<\/td>\r\n<\/tr>\r\n<tr>\r\n<td>68<\/td>\r\n<td>Ana Beatriz Sant&#8217;Angelo do Amaral<\/td>\r\n<td>Acesso negado<\/td>\r\n<\/tr>\r\n<tr>\r\n<td>69<\/td>\r\n<td>Jucilene Braga Alves Mauricio Nogueira<\/td>\r\n<td>Entre tempos<\/td>\r\n<\/tr>\r\n<tr>\r\n<td>70<\/td>\r\n<td>Anelise Martins de Barros<\/td>\r\n<td>Bala de ma\u00e7\u00e3 verde<\/td>\r\n<\/tr>\r\n<\/tbody>\r\n<\/table>\r\n\r\n\r\n\r\n<p style=\"text-align: center;\"><a href=\"http:\/\/metanoiaeditora.com\/concurso\/wp-content\/uploads\/2024\/02\/barra-de-logos_.png\"><img loading=\"lazy\" decoding=\"async\" class=\"alignnone size-full wp-image-15542\" src=\"http:\/\/metanoiaeditora.com\/concurso\/wp-content\/uploads\/2024\/02\/barra-de-logos_.png\" alt=\"\" width=\"2000\" height=\"200\" srcset=\"https:\/\/metanoiaeditora.com\/concurso\/wp-content\/uploads\/2024\/02\/barra-de-logos_.png 2000w, https:\/\/metanoiaeditora.com\/concurso\/wp-content\/uploads\/2024\/02\/barra-de-logos_-300x30.png 300w, https:\/\/metanoiaeditora.com\/concurso\/wp-content\/uploads\/2024\/02\/barra-de-logos_-1024x102.png 1024w, https:\/\/metanoiaeditora.com\/concurso\/wp-content\/uploads\/2024\/02\/barra-de-logos_-768x77.png 768w, https:\/\/metanoiaeditora.com\/concurso\/wp-content\/uploads\/2024\/02\/barra-de-logos_-1536x154.png 1536w\" sizes=\"auto, (max-width: 2000px) 100vw, 2000px\" \/><\/a><\/p>\r\n\r\n\r\n\r\n\r\n\r\n\r\n\r\n\r\n\r\n\r\n<!-- \/wp:post-content --><!-- \/wp:pagelayer\/pl_row -->","protected":false},"excerpt":{"rendered":"\u00a0 Resultado Contos Classifica\u00e7\u00e3o Nome T\u00edtulo da Obra 1 Kamila Carino Machado Ciclos 2 Barbara Cristina Pimentel Torres Voc\u00ea destruiu meu sonho 3 Ana Luiza dos Santos Oliveira Paulo O Espelho 4 Elaine Ferreira Natal Andorinha 5 Steffany Dias da Silva Em algum lugar com...","protected":false},"author":1,"featured_media":0,"parent":0,"menu_order":0,"comment_status":"closed","ping_status":"closed","template":"","meta":{"footnotes":""},"class_list":["post-23","page","type-page","status-publish","hentry"],"_links":{"self":[{"href":"https:\/\/metanoiaeditora.com\/concurso\/wp-json\/wp\/v2\/pages\/23","targetHints":{"allow":["GET"]}}],"collection":[{"href":"https:\/\/metanoiaeditora.com\/concurso\/wp-json\/wp\/v2\/pages"}],"about":[{"href":"https:\/\/metanoiaeditora.com\/concurso\/wp-json\/wp\/v2\/types\/page"}],"author":[{"embeddable":true,"href":"https:\/\/metanoiaeditora.com\/concurso\/wp-json\/wp\/v2\/users\/1"}],"replies":[{"embeddable":true,"href":"https:\/\/metanoiaeditora.com\/concurso\/wp-json\/wp\/v2\/comments?post=23"}],"version-history":[{"count":11,"href":"https:\/\/metanoiaeditora.com\/concurso\/wp-json\/wp\/v2\/pages\/23\/revisions"}],"predecessor-version":[{"id":15134,"href":"https:\/\/metanoiaeditora.com\/concurso\/wp-json\/wp\/v2\/pages\/23\/revisions\/15134"}],"wp:attachment":[{"href":"https:\/\/metanoiaeditora.com\/concurso\/wp-json\/wp\/v2\/media?parent=23"}],"curies":[{"name":"wp","href":"https:\/\/api.w.org\/{rel}","templated":true}]}}