{"id":13512,"date":"2014-02-03T16:31:07","date_gmt":"2014-02-03T16:31:07","guid":{"rendered":"http:\/\/demo.qodeinteractive.com\/strata\/?page_id=9717"},"modified":"2023-02-15T17:32:57","modified_gmt":"2023-02-15T17:32:57","slug":"o-concurso","status":"publish","type":"page","link":"https:\/\/metanoiaeditora.com\/riodecores\/o-concurso\/","title":{"rendered":"O Concurso"},"content":{"rendered":"<div class=\"wpb-content-wrapper\"><p>[vc_row][vc_column][vc_gallery type=&#8221;flexslider_slide&#8221; interval=&#8221;3&#8243; images=&#8221;15595&#8243; img_size=&#8221;full&#8221;][\/vc_column][\/vc_row][vc_row type=&#8221;grid&#8221; background_color=&#8221;#fbfbfb&#8221; border_color=&#8221;#eaeaea&#8221; padding_top=&#8221;60&#8243; padding_bottom=&#8221;18&#8243;][vc_column width=&#8221;1\/2&#8243;][vc_separator type=&#8221;transparent&#8221; up=&#8221;2&#8243; down=&#8221;0&#8243;][vc_separator type=&#8221;transparent&#8221; up=&#8221;2&#8243; down=&#8221;0&#8243;][vc_separator type=&#8221;transparent&#8221; up=&#8221;2&#8243; down=&#8221;0&#8243;][vc_separator type=&#8221;transparent&#8221; up=&#8221;2&#8243; down=&#8221;0&#8243;][vc_separator type=&#8221;transparent&#8221; up=&#8221;0&#8243; down=&#8221;12&#8243;][vc_column_text]<img loading=\"lazy\" decoding=\"async\" class=\"alignnone wp-image-15572\" src=\"http:\/\/metanoiaeditora.com\/riodecores\/wp-content\/uploads\/2023\/02\/10896899_775521072539077_8503823303059556632_n-300x300.jpg\" alt=\"\" width=\"390\" height=\"415\" \/>[\/vc_column_text][vc_separator type=&#8221;transparent&#8221; up=&#8221;10&#8243; down=&#8221;12&#8243;][vc_separator type=&#8221;transparent&#8221; up=&#8221;49&#8243; down=&#8221;0&#8243;][\/vc_column][vc_column width=&#8221;1\/2&#8243;][vc_column_text]<\/p>\n<h3>Concurso Liter\u00e1rio LGBTQIA+ Rio de Cores<\/h3>\n<p>[\/vc_column_text][vc_tta_accordion][vc_tta_section title=&#8221;O Concurso&#8221; tab_id=&#8221;1647142836125-8373ffb9-695749a1-0b1a&#8221;][vc_column_text]<\/p>\n<p style=\"text-align: justify;\"><strong>O Concurso liter\u00e1rio LGBTQIA+ <\/strong>\u00e9 uma iniciativa da Editora Metanoia, com o patroc\u00ednio da Secretaria Municipal de Cultura do Rio de Janeiro, atrav\u00e9s do Programa de\u00a0<em>Fomento \u00e0 Cultura<\/em>\u00a0Carioca, e \u00e9 fruto do pensamento de que a\u00e7\u00f5es culturais s\u00e3o o meio ideal de vencer a exclus\u00e3o a que s\u00e3o relegadas tantas pessoas LGBTQIA+ no munic\u00edpio do Rio de Janeiro, em especial as perif\u00e9ricas.<\/p>\n<p style=\"text-align: justify;\">Este projeto liter\u00e1rio considera a urgente necessidade de contemplar a popula\u00e7\u00e3o LGBTQIA+ no \u00e2mbito da literatura que tanto poder de transforma\u00e7\u00e3o tem e \u00e9 t\u00e3o pouco utilizada para dar visibilidade e empoderamento a esse segmento da sociedade.<\/p>\n<p style=\"text-align: justify;\">O objetivo deste projeto \u00e9 produzir literatura que fale para e sobre a popula\u00e7\u00e3o LGBTQIA+, suas alegrias e dores, afetos, sonhos, enfim, o cotidiano de pessoas muitas vezes desumanizadas pelo agir da sociedade.<\/p>\n<p style=\"text-align: justify;\">Entendemos que a literatura se torna espelho para quem l\u00ea e, com isso, pode ajudar a desconstruir estere\u00f3tipos e pr\u00e9-conceitos que levam \u00e0 exclus\u00e3o social de seres humanos, em especial a popula\u00e7\u00e3o LGBTQIA+, lhes roubando a dignidade e a cidadania.\u00a0 Especificamente este projeto pretende:<\/p>\n<ol>\n<li style=\"text-align: justify;\">a) Contribuir para a cria\u00e7\u00e3o de uma cultura de paz, a fim de que possamos ser capazes de coexistir com a diversidade humana sem qualquer tipo de preconceito;<\/li>\n<li style=\"text-align: justify;\">b) Fornecer para a Secretaria Municipal de Cultura do Munic\u00edpio do Rio de Janeiro, material liter\u00e1rio para viabilizar a\u00e7\u00f5es de visibilidade e empoderamento da popula\u00e7\u00e3o LGBTQIA+;<\/li>\n<li style=\"text-align: justify;\">c) Instrumentalizar educadores e quaisquer profissionais que trabalhem com cultura, \u00e0 abordagem do tema diversidade e suas intersec\u00e7\u00f5es;<\/li>\n<li style=\"text-align: justify;\">d) Promover a divulga\u00e7\u00e3o e a distribui\u00e7\u00e3o de literatura com protagonismo de pessoas LGBTQIA+, inclusive em braile, principalmente em equipamentos culturais e bibliotecas do Munic\u00edpio do Rio de Janeiro.<\/li>\n<\/ol>\n<p style=\"text-align: justify;\">Al\u00e9m de reafirmar valores que possibilitem o reconhecimento, o protagonismo e a valoriza\u00e7\u00e3o da diversidade, a Secretaria Municipal de Cultura do Rio de Janeiro, construtora de uma realidade que abarca em si a diversidade de tantas experi\u00eancias humanas, juntamente com a Editora Metanoia, inova apostando na produ\u00e7\u00e3o de literatura que ousa romper com paradigmas excludentes e aponta para um Brasil onde todes,\u00a0 ser\u00e3o iguais em direitos e dignidade.<\/p>\n<p>[\/vc_column_text][\/vc_tta_section][\/vc_tta_accordion][vc_column_text]<\/p>\n<h3 style=\"text-align: center;\">Download do Edital<\/h3>\n<p>[\/vc_column_text][vc_column_text]<a href=\"http:\/\/metanoiaeditora.com\/riodecores\/wp-content\/uploads\/2023\/02\/EDITAL-1.pdf\"><img loading=\"lazy\" decoding=\"async\" class=\"alignnone wp-image-15027 size-medium\" src=\"http:\/\/metanoiaeditora.com\/riodecores\/wp-content\/uploads\/2022\/03\/pdf-228x300.png\" alt=\"\" width=\"228\" height=\"300\" srcset=\"https:\/\/metanoiaeditora.com\/riodecores\/wp-content\/uploads\/2022\/03\/pdf-228x300.png 228w, https:\/\/metanoiaeditora.com\/riodecores\/wp-content\/uploads\/2022\/03\/pdf.png 283w\" sizes=\"auto, (max-width: 228px) 100vw, 228px\" \/><\/a>[\/vc_column_text][vc_separator type=&#8221;transparent&#8221; up=&#8221;49&#8243; down=&#8221;0&#8243;][\/vc_column][\/vc_row][vc_row][vc_column][vc_column_text]<img loading=\"lazy\" decoding=\"async\" class=\"size-full wp-image-14962 aligncenter\" src=\"http:\/\/metanoiaeditora.com\/riodecores\/wp-content\/uploads\/2022\/03\/barra-logos.jpg\" alt=\"\" width=\"1181\" height=\"168\" srcset=\"https:\/\/metanoiaeditora.com\/riodecores\/wp-content\/uploads\/2022\/03\/barra-logos.jpg 1181w, https:\/\/metanoiaeditora.com\/riodecores\/wp-content\/uploads\/2022\/03\/barra-logos-300x43.jpg 300w, https:\/\/metanoiaeditora.com\/riodecores\/wp-content\/uploads\/2022\/03\/barra-logos-1024x146.jpg 1024w, https:\/\/metanoiaeditora.com\/riodecores\/wp-content\/uploads\/2022\/03\/barra-logos-768x109.jpg 768w\" sizes=\"auto, (max-width: 1181px) 100vw, 1181px\" \/>[\/vc_column_text][\/vc_column][\/vc_row]<\/p>\n<\/div>","protected":false},"excerpt":{"rendered":"<p>[vc_row][vc_column][vc_gallery type=&#8221;flexslider_slide&#8221; interval=&#8221;3&#8243; images=&#8221;15595&#8243; img_size=&#8221;full&#8221;][\/vc_column][\/vc_row][vc_row type=&#8221;grid&#8221; background_color=&#8221;#fbfbfb&#8221; border_color=&#8221;#eaeaea&#8221; padding_top=&#8221;60&#8243; padding_bottom=&#8221;18&#8243;][vc_column width=&#8221;1\/2&#8243;][vc_separator type=&#8221;transparent&#8221; up=&#8221;2&#8243; down=&#8221;0&#8243;][vc_separator type=&#8221;transparent&#8221; up=&#8221;2&#8243; down=&#8221;0&#8243;][vc_separator type=&#8221;transparent&#8221; up=&#8221;2&#8243; down=&#8221;0&#8243;][vc_separator type=&#8221;transparent&#8221; up=&#8221;2&#8243; down=&#8221;0&#8243;][vc_separator type=&#8221;transparent&#8221; up=&#8221;0&#8243; down=&#8221;12&#8243;][vc_column_text][\/vc_column_text][vc_separator type=&#8221;transparent&#8221; up=&#8221;10&#8243; down=&#8221;12&#8243;][vc_separator type=&#8221;transparent&#8221; up=&#8221;49&#8243; down=&#8221;0&#8243;][\/vc_column][vc_column width=&#8221;1\/2&#8243;][vc_column_text] Concurso Liter\u00e1rio LGBTQIA+ Rio de Cores [\/vc_column_text][vc_tta_accordion][vc_tta_section title=&#8221;O Concurso&#8221; tab_id=&#8221;1647142836125-8373ffb9-695749a1-0b1a&#8221;][vc_column_text] O Concurso&#8230;<\/p>\n","protected":false},"author":1,"featured_media":0,"parent":0,"menu_order":0,"comment_status":"closed","ping_status":"closed","template":"full_width.php","meta":{"footnotes":""},"class_list":["post-13512","page","type-page","status-publish","hentry"],"_links":{"self":[{"href":"https:\/\/metanoiaeditora.com\/riodecores\/wp-json\/wp\/v2\/pages\/13512","targetHints":{"allow":["GET"]}}],"collection":[{"href":"https:\/\/metanoiaeditora.com\/riodecores\/wp-json\/wp\/v2\/pages"}],"about":[{"href":"https:\/\/metanoiaeditora.com\/riodecores\/wp-json\/wp\/v2\/types\/page"}],"author":[{"embeddable":true,"href":"https:\/\/metanoiaeditora.com\/riodecores\/wp-json\/wp\/v2\/users\/1"}],"replies":[{"embeddable":true,"href":"https:\/\/metanoiaeditora.com\/riodecores\/wp-json\/wp\/v2\/comments?post=13512"}],"version-history":[{"count":36,"href":"https:\/\/metanoiaeditora.com\/riodecores\/wp-json\/wp\/v2\/pages\/13512\/revisions"}],"predecessor-version":[{"id":15014,"href":"https:\/\/metanoiaeditora.com\/riodecores\/wp-json\/wp\/v2\/pages\/13512\/revisions\/15014"}],"wp:attachment":[{"href":"https:\/\/metanoiaeditora.com\/riodecores\/wp-json\/wp\/v2\/media?parent=13512"}],"curies":[{"name":"wp","href":"https:\/\/api.w.org\/{rel}","templated":true}]}}

<div class="wpb-content-wrapper"><p>[vc_row][vc_column][vc_gallery type=&#8221;flexslider_slide&#8221; interval=&#8221;3&#8243; images=&#8221;15595&#8243; img_size=&#8221;full&#8221;][/vc_column][/vc_row][vc_row type=&#8221;grid&#8221; background_color=&#8221;#fbfbfb&#8221; border_color=&#8221;#eaeaea&#8221; padding_top=&#8221;60&#8243; padding_bottom=&#8221;18&#8243;][vc_column width=&#8221;1/2&#8243;][vc_separator type=&#8221;transparent&#8221; up=&#8221;2&#8243; down=&#8221;0&#8243;][vc_separator type=&#8221;transparent&#8221; up=&#8221;2&#8243; down=&#8221;0&#8243;][vc_separator type=&#8221;transparent&#8221; up=&#8221;2&#8243; down=&#8221;0&#8243;][vc_separator type=&#8221;transparent&#8221; up=&#8221;2&#8243; down=&#8221;0&#8243;][vc_separator type=&#8221;transparent&#8221; up=&#8221;0&#8243; down=&#8221;12&#8243;][vc_column_text]<img loading="lazy" decoding="async" class="alignnone wp-image-15572" src="http://metanoiaeditora.com/riodecores/wp-content/uploads/2023/02/10896899_775521072539077_8503823303059556632_n-300x300.jpg" alt="" width="390" height="415" />[/vc_column_text][vc_separator type=&#8221;transparent&#8221; up=&#8221;10&#8243; down=&#8221;12&#8243;][vc_separator type=&#8221;transparent&#8221; up=&#8221;49&#8243; down=&#8221;0&#8243;][/vc_column][vc_column width=&#8221;1/2&#8243;][vc_column_text]</p>
<h3>Concurso Literário LGBTQIA+ Rio de Cores</h3>
<p>[/vc_column_text][vc_tta_accordion][vc_tta_section title=&#8221;O Concurso&#8221; tab_id=&#8221;1647142836125-8373ffb9-695749a1-0b1a&#8221;][vc_column_text]</p>
<p style="text-align: justify;"><strong>O Concurso literário LGBTQIA+ </strong>é uma iniciativa da Editora Metanoia, com o patrocínio da Secretaria Municipal de Cultura do Rio de Janeiro, através do Programa de <em>Fomento à Cultura</em> Carioca, e é fruto do pensamento de que ações culturais são o meio ideal de vencer a exclusão a que são relegadas tantas pessoas LGBTQIA+ no município do Rio de Janeiro, em especial as periféricas.</p>
<p style="text-align: justify;">Este projeto literário considera a urgente necessidade de contemplar a população LGBTQIA+ no âmbito da literatura que tanto poder de transformação tem e é tão pouco utilizada para dar visibilidade e empoderamento a esse segmento da sociedade.</p>
<p style="text-align: justify;">O objetivo deste projeto é produzir literatura que fale para e sobre a população LGBTQIA+, suas alegrias e dores, afetos, sonhos, enfim, o cotidiano de pessoas muitas vezes desumanizadas pelo agir da sociedade.</p>
<p style="text-align: justify;">Entendemos que a literatura se torna espelho para quem lê e, com isso, pode ajudar a desconstruir estereótipos e pré-conceitos que levam à exclusão social de seres humanos, em especial a população LGBTQIA+, lhes roubando a dignidade e a cidadania.  Especificamente este projeto pretende:</p>
<ol>
<li style="text-align: justify;">a) Contribuir para a criação de uma cultura de paz, a fim de que possamos ser capazes de coexistir com a diversidade humana sem qualquer tipo de preconceito;</li>
<li style="text-align: justify;">b) Fornecer para a Secretaria Municipal de Cultura do Município do Rio de Janeiro, material literário para viabilizar ações de visibilidade e empoderamento da população LGBTQIA+;</li>
<li style="text-align: justify;">c) Instrumentalizar educadores e quaisquer profissionais que trabalhem com cultura, à abordagem do tema diversidade e suas intersecções;</li>
<li style="text-align: justify;">d) Promover a divulgação e a distribuição de literatura com protagonismo de pessoas LGBTQIA+, inclusive em braile, principalmente em equipamentos culturais e bibliotecas do Município do Rio de Janeiro.</li>
</ol>
<p style="text-align: justify;">Além de reafirmar valores que possibilitem o reconhecimento, o protagonismo e a valorização da diversidade, a Secretaria Municipal de Cultura do Rio de Janeiro, construtora de uma realidade que abarca em si a diversidade de tantas experiências humanas, juntamente com a Editora Metanoia, inova apostando na produção de literatura que ousa romper com paradigmas excludentes e aponta para um Brasil onde todes,  serão iguais em direitos e dignidade.</p>
<p>[/vc_column_text][/vc_tta_section][/vc_tta_accordion][vc_column_text]</p>
<h3 style="text-align: center;">Download do Edital</h3>
<p>[/vc_column_text][vc_column_text]<a href="http://metanoiaeditora.com/riodecores/wp-content/uploads/2023/02/EDITAL-1.pdf"><img loading="lazy" decoding="async" class="alignnone wp-image-15027 size-medium" src="http://metanoiaeditora.com/riodecores/wp-content/uploads/2022/03/pdf-228x300.png" alt="" width="228" height="300" srcset="https://metanoiaeditora.com/riodecores/wp-content/uploads/2022/03/pdf-228x300.png 228w, https://metanoiaeditora.com/riodecores/wp-content/uploads/2022/03/pdf.png 283w" sizes="auto, (max-width: 228px) 100vw, 228px" /></a>[/vc_column_text][vc_separator type=&#8221;transparent&#8221; up=&#8221;49&#8243; down=&#8221;0&#8243;][/vc_column][/vc_row][vc_row][vc_column][vc_column_text]<img loading="lazy" decoding="async" class="size-full wp-image-14962 aligncenter" src="http://metanoiaeditora.com/riodecores/wp-content/uploads/2022/03/barra-logos.jpg" alt="" width="1181" height="168" srcset="https://metanoiaeditora.com/riodecores/wp-content/uploads/2022/03/barra-logos.jpg 1181w, https://metanoiaeditora.com/riodecores/wp-content/uploads/2022/03/barra-logos-300x43.jpg 300w, https://metanoiaeditora.com/riodecores/wp-content/uploads/2022/03/barra-logos-1024x146.jpg 1024w, https://metanoiaeditora.com/riodecores/wp-content/uploads/2022/03/barra-logos-768x109.jpg 768w" sizes="auto, (max-width: 1181px) 100vw, 1181px" />[/vc_column_text][/vc_column][/vc_row]</p>
</div>

<p>[vc_row][vc_column][vc_gallery type=&#8221;flexslider_slide&#8221; interval=&#8221;3&#8243; images=&#8221;15595&#8243; img_size=&#8221;full&#8221;][/vc_column][/vc_row][vc_row type=&#8221;grid&#8221; background_color=&#8221;#fbfbfb&#8221; border_color=&#8221;#eaeaea&#8221; padding_top=&#8221;60&#8243; padding_bottom=&#8221;18&#8243;][vc_column width=&#8221;1/2&#8243;][vc_separator type=&#8221;transparent&#8221; up=&#8221;2&#8243; down=&#8221;0&#8243;][vc_separator type=&#8221;transparent&#8221; up=&#8221;2&#8243; down=&#8221;0&#8243;][vc_separator type=&#8221;transparent&#8221; up=&#8221;2&#8243; down=&#8221;0&#8243;][vc_separator type=&#8221;transparent&#8221; up=&#8221;2&#8243; down=&#8221;0&#8243;][vc_separator type=&#8221;transparent&#8221; up=&#8221;0&#8243; down=&#8221;12&#8243;][vc_column_text][/vc_column_text][vc_separator type=&#8221;transparent&#8221; up=&#8221;10&#8243; down=&#8221;12&#8243;][vc_separator type=&#8221;transparent&#8221; up=&#8221;49&#8243; down=&#8221;0&#8243;][/vc_column][vc_column width=&#8221;1/2&#8243;][vc_column_text] Concurso Literário LGBTQIA+ Rio de Cores [/vc_column_text][vc_tta_accordion][vc_tta_section title=&#8221;O Concurso&#8221; tab_id=&#8221;1647142836125-8373ffb9-695749a1-0b1a&#8221;][vc_column_text] O Concurso&#8230;</p>
